{"id":421,"date":"2020-02-19T09:04:20","date_gmt":"2020-02-19T08:04:20","guid":{"rendered":"http:\/\/uczelniakorczaka.pl\/ckp\/?page_id=421"},"modified":"2021-01-18T12:18:49","modified_gmt":"2021-01-18T11:18:49","slug":"linia-prestige","status":"publish","type":"page","link":"https:\/\/uczelniakorczaka.pl\/ckp\/linia-prestige\/","title":{"rendered":"Linia Prestige"},"content":{"rendered":"\n<p><strong>BE THE CHANGE &#8211; PRESTI\u017bOWA LINIA SZKOLE\u0143 <\/strong><\/p>\n\n\n\n<p>Wiecie, \u017ce trzepot motylich skrzyde\u0142 w jednej cz\u0119\u015bci globu po pewnym czasie mo\u017ce spowodowa\u0107 tornado w odleg\u0142ym miejscu? To tzw. &#8222;efekt motyla&#8221;, badany przez Edwarda Lorenza podczas prognozowania pogody. A Wy? Znacie ju\u017c prognozy na Wasz\u0105 najbli\u017csz\u0105 przysz\u0142o\u015b\u0107? W dobie pandemii wiele si\u0119 zmieni\u0142o. Zmienili\u015bmy si\u0119 i my &#8211; postanowili\u015bmy stworzy\u0107 dla Was wyj\u0105tkow\u0105 lini\u0119 szkole\u0144, uwzgl\u0119dniaj\u0105c\u0105 zmieniaj\u0105ce si\u0119 stale warunki. W presti\u017cowych kierunkach znajdziecie:\u00a0<\/p>\n\n\n\n<ul class=\"wp-block-list\"><li>PRZYW\u00d3DZTWO W DOBIE PANDEMII<\/li><li>ZARZ\u0104DZANIE KRYZYSOWE<\/li><li>MENAD\u017bER CENTRUM US\u0141UG SPO\u0141ECZNYCH<\/li><li>LEADERSHIP ACADEMY FOR HYBRID ORGANIZATIONS<\/li><li>PEDAGOGIKA RESOCJALIZACYJNA Z SOCJOTERAPI\u0104 PANITENCJARN\u0104<\/li><li>MASTER OF PUBLIC SERVICES ADMINISTRATION<\/li><li>TRENER, COACH ROZWOJU OSOBISTEGO I SPO\u0141ECZNEGO&nbsp;<\/li><\/ul>\n\n\n\n<p>Obecne funkcjonowanie ka\u017cdej instytucji wymaga od zarz\u0105dzaj\u0105cych oraz ich pracownik\u00f3w wi\u0119kszego po\u015bwi\u0119cenia, zaanga\u017cowania oraz wytrwa\u0142o\u015bci. Pod\u0105\u017caj\u0105c za wymaganiami, kt\u00f3re postawi\u0142 nam rok 2020 przygotowali\u015bmy program studi\u00f3w, kt\u00f3re obejmuj\u0105 nie tylko wiedz\u0119 teoretyczn\u0105, ale r\u00f3wnie\u017c praktyczn\u0105. Zaj\u0119cia, w formie on-line, prowadzone s\u0105 przez kadr\u0119 praktyk\u00f3w i ekspert\u00f3w z r\u00f3\u017cnych dziedzin \u017cycia &#8211; od administracji rz\u0105dowej i samorz\u0105dowej, przez dziennikarzy po przedstawicieli organizacji spo\u0142ecznych. W ci\u0105gu kilku semestr\u00f3w, pr\u00f3cz nabytych umiej\u0119tno\u015bci i niezb\u0119dnych kompetencji, uzyskaj\u0105 Pa\u0144stwo zar\u00f3wno certyfikaty poszczeg\u00f3lnych szkole\u0144, kt\u00f3re pewnie wielokrotnie oka\u017c\u0105 si\u0119 przydatne w tym &#8222;nowym&#8221; \u015bwiecie&#8230;<\/p>\n","protected":false},"excerpt":{"rendered":"<p>BE THE CHANGE &#8211; PRESTI\u017bOWA LINIA SZKOLE\u0143 Wiecie, \u017ce trzepot motylich skrzyde\u0142 w jednej cz\u0119\u015bci globu po pewnym czasie mo\u017ce spowodowa\u0107 tornado w odleg\u0142ym miejscu? To tzw. &#8222;efekt motyla&#8221;, badany przez Edwarda Lorenza podczas prognozowania pogody. A Wy? Znacie ju\u017c prognozy na Wasz\u0105 najbli\u017csz\u0105 przysz\u0142o\u015b\u0107? W dobie pandemii wiele si\u0119 zmieni\u0142o. Zmienili\u015bmy si\u0119 i my [&hellip;]<\/p>\n","protected":false},"author":1,"featured_media":0,"parent":0,"menu_order":0,"comment_status":"closed","ping_status":"closed","template":"","meta":{"footnotes":""},"class_list":["post-421","page","type-page","status-publish","hentry"],"yoast_head":"<!-- This site is optimized with the Yoast SEO plugin v25.7 - https:\/\/yoast.com\/wordpress\/plugins\/seo\/ -->\n<title>Linia Prestige - Uczelnia Korczaka<\/title>\n<meta name=\"description\" content=\"BE THE CHANGE - PRESTI\u017bOWA LINIA SZKOLE\u0143\" \/>\n<meta name=\"robots\" content=\"index, follow, max-snippet:-1, max-image-preview:large, max-video-preview:-1\" \/>\n<link rel=\"canonical\" href=\"https:\/\/uczelniakorczaka.pl\/ckp\/linia-prestige\/\" \/>\n<meta property=\"og:locale\" content=\"pl_PL\" \/>\n<meta property=\"og:type\" content=\"article\" \/>\n<meta property=\"og:title\" content=\"Linia Prestige - Uczelnia Korczaka\" \/>\n<meta property=\"og:description\" content=\"BE THE CHANGE - PRESTI\u017bOWA LINIA SZKOLE\u0143\" \/>\n<meta property=\"og:url\" content=\"https:\/\/uczelniakorczaka.pl\/ckp\/linia-prestige\/\" \/>\n<meta property=\"og:site_name\" content=\"Uczelnia Korczaka\" \/>\n<meta property=\"article:modified_time\" content=\"2021-01-18T11:18:49+00:00\" \/>\n<meta name=\"twitter:card\" content=\"summary_large_image\" \/>\n<meta name=\"twitter:label1\" content=\"Szacowany czas czytania\" \/>\n\t<meta name=\"twitter:data1\" content=\"1 minuta\" \/>\n<script type=\"application\/ld+json\" class=\"yoast-schema-graph\">{\"@context\":\"https:\/\/schema.org\",\"@graph\":[{\"@type\":\"WebPage\",\"@id\":\"https:\/\/uczelniakorczaka.pl\/ckp\/linia-prestige\/\",\"url\":\"https:\/\/uczelniakorczaka.pl\/ckp\/linia-prestige\/\",\"name\":\"Linia Prestige - Uczelnia Korczaka\",\"isPartOf\":{\"@id\":\"https:\/\/uczelniakorczaka.pl\/ckp\/#website\"},\"datePublished\":\"2020-02-19T08:04:20+00:00\",\"dateModified\":\"2021-01-18T11:18:49+00:00\",\"description\":\"BE THE CHANGE - PRESTI\u017bOWA LINIA SZKOLE\u0143\",\"breadcrumb\":{\"@id\":\"https:\/\/uczelniakorczaka.pl\/ckp\/linia-prestige\/#breadcrumb\"},\"inLanguage\":\"pl-PL\",\"potentialAction\":[{\"@type\":\"ReadAction\",\"target\":[\"https:\/\/uczelniakorczaka.pl\/ckp\/linia-prestige\/\"]}]},{\"@type\":\"BreadcrumbList\",\"@id\":\"https:\/\/uczelniakorczaka.pl\/ckp\/linia-prestige\/#breadcrumb\",\"itemListElement\":[{\"@type\":\"ListItem\",\"position\":1,\"name\":\"Strona g\u0142\u00f3wna\",\"item\":\"https:\/\/uczelniakorczaka.pl\/ckp\/\"},{\"@type\":\"ListItem\",\"position\":2,\"name\":\"Linia Prestige\"}]},{\"@type\":\"WebSite\",\"@id\":\"https:\/\/uczelniakorczaka.pl\/ckp\/#website\",\"url\":\"https:\/\/uczelniakorczaka.pl\/ckp\/\",\"name\":\"Uczelnia Korczaka\",\"description\":\"\",\"publisher\":{\"@id\":\"https:\/\/uczelniakorczaka.pl\/ckp\/#organization\"},\"potentialAction\":[{\"@type\":\"SearchAction\",\"target\":{\"@type\":\"EntryPoint\",\"urlTemplate\":\"https:\/\/uczelniakorczaka.pl\/ckp\/?s={search_term_string}\"},\"query-input\":{\"@type\":\"PropertyValueSpecification\",\"valueRequired\":true,\"valueName\":\"search_term_string\"}}],\"inLanguage\":\"pl-PL\"},{\"@type\":\"Organization\",\"@id\":\"https:\/\/uczelniakorczaka.pl\/ckp\/#organization\",\"name\":\"Uczelnia Korczaka\",\"url\":\"https:\/\/uczelniakorczaka.pl\/ckp\/\",\"logo\":{\"@type\":\"ImageObject\",\"inLanguage\":\"pl-PL\",\"@id\":\"https:\/\/uczelniakorczaka.pl\/ckp\/#\/schema\/logo\/image\/\",\"url\":\"https:\/\/uczelniakorczaka.pl\/ckp\/wp-content\/uploads\/2020\/02\/logo.png\",\"contentUrl\":\"https:\/\/uczelniakorczaka.pl\/ckp\/wp-content\/uploads\/2020\/02\/logo.png\",\"width\":223,\"height\":53,\"caption\":\"Uczelnia Korczaka\"},\"image\":{\"@id\":\"https:\/\/uczelniakorczaka.pl\/ckp\/#\/schema\/logo\/image\/\"}}]}<\/script>\n<!-- \/ Yoast SEO plugin. -->","yoast_head_json":{"title":"Linia Prestige - Uczelnia Korczaka","description":"BE THE CHANGE - PRESTI\u017bOWA LINIA SZKOLE\u0143","robots":{"index":"index","follow":"follow","max-snippet":"max-snippet:-1","max-image-preview":"max-image-preview:large","max-video-preview":"max-video-preview:-1"},"canonical":"https:\/\/uczelniakorczaka.pl\/ckp\/linia-prestige\/","og_locale":"pl_PL","og_type":"article","og_title":"Linia Prestige - Uczelnia Korczaka","og_description":"BE THE CHANGE - PRESTI\u017bOWA LINIA SZKOLE\u0143","og_url":"https:\/\/uczelniakorczaka.pl\/ckp\/linia-prestige\/","og_site_name":"Uczelnia Korczaka","article_modified_time":"2021-01-18T11:18:49+00:00","twitter_card":"summary_large_image","twitter_misc":{"Szacowany czas czytania":"1 minuta"},"schema":{"@context":"https:\/\/schema.org","@graph":[{"@type":"WebPage","@id":"https:\/\/uczelniakorczaka.pl\/ckp\/linia-prestige\/","url":"https:\/\/uczelniakorczaka.pl\/ckp\/linia-prestige\/","name":"Linia Prestige - Uczelnia Korczaka","isPartOf":{"@id":"https:\/\/uczelniakorczaka.pl\/ckp\/#website"},"datePublished":"2020-02-19T08:04:20+00:00","dateModified":"2021-01-18T11:18:49+00:00","description":"BE THE CHANGE - PRESTI\u017bOWA LINIA SZKOLE\u0143","breadcrumb":{"@id":"https:\/\/uczelniakorczaka.pl\/ckp\/linia-prestige\/#breadcrumb"},"inLanguage":"pl-PL","potentialAction":[{"@type":"ReadAction","target":["https:\/\/uczelniakorczaka.pl\/ckp\/linia-prestige\/"]}]},{"@type":"BreadcrumbList","@id":"https:\/\/uczelniakorczaka.pl\/ckp\/linia-prestige\/#breadcrumb","itemListElement":[{"@type":"ListItem","position":1,"name":"Strona g\u0142\u00f3wna","item":"https:\/\/uczelniakorczaka.pl\/ckp\/"},{"@type":"ListItem","position":2,"name":"Linia Prestige"}]},{"@type":"WebSite","@id":"https:\/\/uczelniakorczaka.pl\/ckp\/#website","url":"https:\/\/uczelniakorczaka.pl\/ckp\/","name":"Uczelnia Korczaka","description":"","publisher":{"@id":"https:\/\/uczelniakorczaka.pl\/ckp\/#organization"},"potentialAction":[{"@type":"SearchAction","target":{"@type":"EntryPoint","urlTemplate":"https:\/\/uczelniakorczaka.pl\/ckp\/?s={search_term_string}"},"query-input":{"@type":"PropertyValueSpecification","valueRequired":true,"valueName":"search_term_string"}}],"inLanguage":"pl-PL"},{"@type":"Organization","@id":"https:\/\/uczelniakorczaka.pl\/ckp\/#organization","name":"Uczelnia Korczaka","url":"https:\/\/uczelniakorczaka.pl\/ckp\/","logo":{"@type":"ImageObject","inLanguage":"pl-PL","@id":"https:\/\/uczelniakorczaka.pl\/ckp\/#\/schema\/logo\/image\/","url":"https:\/\/uczelniakorczaka.pl\/ckp\/wp-content\/uploads\/2020\/02\/logo.png","contentUrl":"https:\/\/uczelniakorczaka.pl\/ckp\/wp-content\/uploads\/2020\/02\/logo.png","width":223,"height":53,"caption":"Uczelnia Korczaka"},"image":{"@id":"https:\/\/uczelniakorczaka.pl\/ckp\/#\/schema\/logo\/image\/"}}]}},"_links":{"self":[{"href":"https:\/\/uczelniakorczaka.pl\/ckp\/wp-json\/wp\/v2\/pages\/421","targetHints":{"allow":["GET"]}}],"collection":[{"href":"https:\/\/uczelniakorczaka.pl\/ckp\/wp-json\/wp\/v2\/pages"}],"about":[{"href":"https:\/\/uczelniakorczaka.pl\/ckp\/wp-json\/wp\/v2\/types\/page"}],"author":[{"embeddable":true,"href":"https:\/\/uczelniakorczaka.pl\/ckp\/wp-json\/wp\/v2\/users\/1"}],"replies":[{"embeddable":true,"href":"https:\/\/uczelniakorczaka.pl\/ckp\/wp-json\/wp\/v2\/comments?post=421"}],"version-history":[{"count":10,"href":"https:\/\/uczelniakorczaka.pl\/ckp\/wp-json\/wp\/v2\/pages\/421\/revisions"}],"predecessor-version":[{"id":1845,"href":"https:\/\/uczelniakorczaka.pl\/ckp\/wp-json\/wp\/v2\/pages\/421\/revisions\/1845"}],"wp:attachment":[{"href":"https:\/\/uczelniakorczaka.pl\/ckp\/wp-json\/wp\/v2\/media?parent=421"}],"curies":[{"name":"wp","href":"https:\/\/api.w.org\/{rel}","templated":true}]}}